.
20
Suppose -4*s + 3*s + 2 = 0, 2*f - 68 = -4*s. Let q(l) = l**2 + 10. Let h be q(0). What is the greatest common factor of f and h?
10
Let s = 99 - 27. Suppose 5*q = 4*d + 45, -d = q - 0*d. Suppose 0 = -4*x - 12, -q*x = 2*h + 3 - 4. Calculate the highest common factor of s and h.
8
Suppose 2*x - 5*w - 104 = 0, 2*x - 104 = -4*w + 5*w. What is the greatest common factor of x and 13?
13
Let s be (-177)/(-2) + 3*(-4)/24. Let h(b) = -b + 2. Let p be h(0). Let l be -2 + 11/1 + p. Calculate the highest common divisor of s and l.
11
Let p(u) = -u**3 - 8*u**2 - u + 1. Let z be p(-7). Let l = 0 + z. Let b = 71 + l. Calculate the highest common divisor of b and 75.
15
Let u(b) = -3*b - 9. Suppose 4*t + 37 = 1. Let q be u(t). Calculate the highest common factor of q and 27.
9
Suppose -11*k = -15*k + 48. Calculate the highest common factor of 48 and k.
12
Let x be (-19 - -17)/((-1)/69). What is the highest common factor of x and 23?
23
Let w = 3 - -12. Let d = w - 10. Let h(g) = 2*g + 2. Let k be h(d). Calculate the greatest common factor of k and 3.
3
Let o = 80 - 114. Let x = 56 - o. What is the greatest common divisor of x and 10?
10
Let l(b) = b**3 + 4*b**2 - 3. Let s be l(-3). Let r be ((-40)/(-12))/(4/s). Let h = 57 - 2. What is the highest common divisor of r and h?
5
Suppose 0 = 4*r - 3 - 5. Calculate the highest common factor of r and 3.
1
Let p be (16/12)/(4/450). Suppose -6*i = -3*i - p. Let b(v) = -2*v**3 - 5*v**2 - 4*v - 1. Let f be b(-3). Calculate the highest common divisor of i and f.
10
Let l(z) = 119*z**2 - 2*z + 2. Let p be l(1). What is the highest common factor of 17 and p?
17
Let p(b) = b**2 + b - 1. Let o be p(1). Suppose 3*h - 39 = -2*m - 110, m = -o. Let w = -16 - h. What is the greatest common divisor of w and 1?
1
Suppose -3*a + 4*b = -14, -5*a + 10 = -b - 2. Suppose -77 = -a*l + l. Let d be (-1 - 4/(-12)) + (-23)/(-3). What is the highest common factor of d and l?
7
Suppose -2*o + 5*m = 8, -2*m = -2*o + 2*m - 4. Suppose -5*n + 13 = -2. Let f(l) = l. Let p be f(n). What is the greatest common factor of p and o?
3
Let n be (0 + 0)/2 + 3. Let m = -16 + 31. Suppose 0*o + m = o. Calculate the highest common divisor of n and o.
3
Let u(b) = 6*b**2 - b + 1. Let l be u(-5). What is the highest common divisor of l and 39?
39
Let r = 3 + 0. Suppose v - r = -g + 12, 2*g - 29 = -v. Calculate the highest common factor of g and 14.
14
Suppose 4*b + 2*q + q = 26, -17 = -3*b - q. Let j be (0 + 4)*22/8. Let c = j - 6. What is the highest common divisor of c and b?
5
Let a(m) = -m**3 + 6*m**2 - 4*m - 2. Let h be a(4). What is the highest common factor of h and 70?
14
Let u be (-2)/1*146/(-4). Let y = 60 + u. What is the highest common factor of y and 19?
19
Suppose -12*g = -8*g - 40. Suppose -2*r + 7*r + 4*h - 11 = 0, -4*h = -5*r + 19. Let p = r + g. Calculate the highest common factor of 26 and p.
13
Let k be 1/4 + (-31)/(-4). Let r(b) = -b**2 - b - 2. Let u be r(-3). Let s be 68/6 - u/12. What is the highest common divisor of k and s?
4
Let r be (21/(-2) - 0)*(-120)/90. Calculate the greatest common divisor of 4 and r.
2
Suppose 4*u - u = 3*r + 9, -2*u - r = 0. Let v be (6/(-4))/(6/(-8)). Let i = v + u. What is the highest common factor of i and 33?
3
Suppose -4*a + 5 = -5*a + 4*k, 0 = 2*a - 5*k + 4. Suppose -135 = -5*d - 0*d. What is the greatest common factor of d and a?
3
Let f(m) = m**3 + 5*m**2 - 8*m - 3. Let v(u) = -u**3 + 3*u**2 - 2*u. Let a be v(3). Let j be f(a). Calculate the greatest common factor of j and 81.
9
Suppose -2*k = -5*x + 188, -4*x + k = -68 - 80. Suppose -3*w - 18 = -5*w. What is the highest common divisor of x and w?
9
Let u = 6 + 5. Let j = -3 + u. What is the highest common divisor of j and 8?
8
Suppose 4*c - 25 = -w - 9, 0 = 5*c + 2*w - 20. What is the greatest common divisor of c and 20?
4
Suppose 0 = 2*n + 3*n - 10. Let c be 15/(-6) + 1/n. Let k be (-122)/(-5) + c/5. Calculate the greatest common divisor of 12 and k.
12
Suppose b - 5*b + 16 = 0. Calculate the greatest common factor of b and 44.
4
Let i(w) = 22*w**2. Suppose 0 = 6*s - 5*s - 1. Let c be i(s). Calculate the greatest common divisor of c and 88.
22
Let g = -3 - -5. Let f = 5 - g. Suppose -2*l = -p + 59 - f, 0 = -5*p - 3*l + 228. Calculate the greatest common factor of p and 12.
12
Let w be 4/6 - (-10545)/45. Suppose 2 = -2*o, 0 = f + 2*f + 5*o - w. What is the highest common divisor of 32 and f?
16
Let o(h) = h - 1. Let y be o(2). Let b = y - 0. Calculate the greatest common factor of b and 11.
1
Let c(h) = h**2 - h + 5. Let l be c(0). What is the greatest common factor of 10 and l?
5
Let q = 6 - -20. What is the greatest common divisor of q and 52?
26
Suppose -6*w - 18 = -7*w. Calculate the highest common divisor of w and 6.
6
Let o = -414 + 274. Let y = 84 + o. Let j = y - -86. Calculate the highest common factor of j and 10.
10
Let b be (2 - (-21)/(-9))*-12. Suppose 0 = 3*y + 9, -2*s - s + 324 = -b*y. Calculate the highest common divisor of s and 13.
13
Let u be 35/10 + 4/((-32)/(-4)). Let j(o) = o**2 - 5*o + 2. Let a be j(6). Suppose -u*c = -a*c + 176. Calculate the highest common divisor of c and 11.
11
Let y be 1/(-3) + (-40)/(-3). What is the greatest common divisor of 65 and y?
13
Let o(a) = -a**3 + 7*a**2 + a + 11. Let l be o(7). What is the highest common factor of l and 3?
3
Suppose -8 = 2*n + 4*b - 232, -112 = -n - 4*b. Suppose 0 = 5*r + 25, -5*q = -r - 17 - 58. What is the greatest common factor of q and n?
14
Suppose 0*t + 42 = 2*t - 2*v, 0 = 3*t + 4*v - 42. What is the highest common divisor of t and 162?
18
Let t be (-33)/(-12) + (-3)/(-12). Let p = 23 + t. Calculate the greatest common factor of 39 and p.
13
Suppose 5*o - 37 + 12 = 0, 0 = -4*r + 2*o + 26. What is the highest common factor of r and 81?
9
Suppose -j = 0, y + 4*j = 9*j + 2. Let c be 1/4 + (-87)/(-4). What is the greatest common factor of c and y?
2
Let c = -6 + 10. Let h(x) = 8*x - 9. Let k be h(9). Let o = -31 + k. What is the greatest common factor of c and o?
4
Suppose -a - 370 = -6*a. Calculate the greatest common divisor of 111 and a.
37
Let l be (-882)/(-3) + -2 + 2. Suppose 3*b - 182 = 2*m - m, 5*b + 3*m = l. Let w be (-6)/(-15) - 58/(-5). What is the highest common factor of w and b?
12
Suppose -25*j = -21*j - 120. What is the greatest common factor of j and 6?
6
Let y be (-5 - -15)*(1 - -7). Let b = 113 - y. Let a be (-1 - 0)*-1 - -2. Calculate the highest common factor of b and a.
3
Suppose -5*z = 5*m - 0*z - 10, -5*m + 3*z + 2 = 0. Calculate the greatest common divisor of m and 1.
1
Suppose -p - 3*p = -360. What is the greatest common divisor of 36 and p?
18
Suppose -20 = 3*f - 8*f + y, -2*y - 4 = 2*f. Suppose 7*t = f*t + 48. What is the greatest common factor of 60 and t?
12
Let c be -2 - (-3 + -3) - -3. Let k = -1 - -29. Calculate the greatest common divisor of c and k.
7
Let o = 16 + -25. Let p be (-87)/o - (-6)/(-9). Calculate the highest common factor of 72 and p.
9
Let d = 0 - -2. Let j(c) = 21*c. Let x be j(d). Calculate the highest common divisor of 6 and x.
6
Suppose 2*t - 64 - 126 = 0. Let f be 1/(3 - 2)*19. Calculate the highest common divisor of f and t.
19
Let n be 50/(-3*(-6)/45). Let m = n - 37. Calculate the greatest common divisor of 22 and m.
22
Let x be -1*168/(-3) - 1. Calculate the greatest common divisor of 5 and x.
5
Let l(t) = 4*t**2 - 4*t - 8. Let s be l(6). Suppose -3*y - 2*y - 53 = -2*n, 4*y + 136 = 4*n. Suppose 9 = 3*j - n. What is the highest common divisor of j and s?
16
Suppose -h = -2*r - 1, -4*r - 10 = -3*h - 3. Let f be (1/3)/((-1)/(-9)). Calculate the greatest common divisor of f and r.
1
Let d = 0 + 7. Suppose 28 = 5*b - d. What is the greatest common divisor of b and 14?
7
Suppose 2*g + 171 = 5*g. Let d(a) be the first derivative of 39*a**4/4 - 2*a**3/3 + a + 3. Let t be d(1). What is the greatest common divisor of g and t?
19
Suppose 0 = 4*k - 12. Let y(u) = -23*u + 3. Let l(x) = 46*x - 7. Let w(r) = -6*l(r) - 13*y(r). Let d be w(k). What is the greatest common divisor of d and 9?
9
Let a be -2*6 - (1 + 0). Let o be 1 + 1 - 1*a. Let m(v) = -v**3 + 6*v**2 + 2*v - 6. Let g be m(6). Calculate the greatest common factor of g and o.
3
Suppose 21 = u + 7. What is the greatest common factor of 154 and u?
14
Let g(n) = -n + 3